t is -7b10 (base 13) in base 8?
-41543
What is -880 (base 12) in base 3?
-1201020
7370 (base 12) to base 7
51525
What is -b7 (base 15) in base 7?
-334
Convert 169b (base 13) to base 10.
3339
Convert -1110111000 (base 2) to base 5.
-12302
Convert -1231133 (base 4) to base 2.
-1101101011111
40746 (base 8) to base 3
212010211
Convert 20024 (base 7) to base 4.
1023110
What is 1102 (base 9) in base 5?
11222
What is -484 (base 10) in base 9?
-587
What is 3550 (base 7) in base 6?
10021
What is -645 (base 15) in base 16?
-587
What is 30335 (base 7) in base 14?
298c
-e6 (base 15) to base 14
-116
What is 2222 (base 5) in base 4?
10320
23214 (base 10) to base 2
101101010101110
-15010 (base 8) to base 9
-10124
What is -30aa (base 14) in base 13?
-3a7a
-7692 (base 12) to base 4
-3030032
-685 (base 11) to base 10
-819
20166 (base 7) to base 5
124044
Convert 170a (base 13) to base 8.
6476
-1913 (base 11) to base 3
-10100011
Convert -4553 (base 6) to base 3.
-1110220
What is -1651 (base 12) in base 13?
-1291
Convert -2533 (base 6) to base 3.
-212110
Convert 43545 (base 6) to base 16.
1799
What is 316 (base 8) in base 9?
248
What is 23488 (base 9) in base 2?
11110101100001
-422114 (base 5) to base 6
-144550
What is -763 (base 8) in base 13?
-2c5
10606 (base 8) to base 9
6134
Convert -1220220 (base 3) to base 14.
-721
What is 83 (base 13) in base 8?
153
-2120403 (base 5) to base 9
-54007
What is -7551 (base 8) in base 4?
-331221
What is -10122 (base 3) in base 6?
-242
34438 (base 12) to base 9
115588
What is -3ba (base 12) in base 15?
-284
Convert 213033 (base 4) to base 9.
3400
1101100001000 (base 2) to base 15
20b5
What is 12112 (base 3) in base 5?
1044
Convert 1a46 (base 14) to base 9.
6475
Convert 11110000 (base 2) to base 6.
1040
-6041 (base 10) to base 12
-35b5
What is -2a0a (base 13) in base 8?
-13716
What is -4616 (base 14) in base 7?
-50326
What is 417 (base 14) in base 16?
325
-1111011100111 (base 2) to base 15
-2526
Convert 22355 (base 12) to base 3.
2022022102
572 (base 8) to base 16
17a
-3123013 (base 4) to base 11
-a599
-4403 (base 10) to base 8
-10463
341 (base 8) to base 15
100
What is 1503 (base 6) in base 16?
18f
Convert -1013323 (base 4) to base 13.
-2131
Convert -70414 (base 8) to base 2.
-111000100001100
Convert 4321 (base 5) to base 2.
1001001010
55000 (base 6) to base 10
7560
-330340 (base 5) to base 16
-2c51
Convert 1438 (base 14) to base 12.
20a2
Convert -66640 (base 7) to base 14.
-6190
8d (base 15) to base 12
b1
Convert 342423 (base 7) to base 2.
1110110111111100
What is 242 (base 9) in base 13?
125
What is -146f (base 16) in base 3?
-21011202
What is 14a (base 13) in base 16?
e7
What is 1144 (base 10) in base 3?
1120101
Convert -51b0 (base 14) to base 7.
-56010
What is 1a81 (base 11) in base 7?
10445
-b6 (base 16) to base 13
-110
1095 (base 16) to base 13
1c17
What is -57474 (base 9) in base 16?
-959b
Convert -4325 (base 10) to base 9.
-5835
What is -21466 (base 8) in base 7?
-35165
4331 (base 9) to base 8
6163
Convert 22471 (base 8) to base 14.
3689
What is -4040 (base 6) in base 2?
-1101111000
-2112112 (base 3) to base 12
-10a2
What is 110011100010101 (base 2) in base 16?
6715
138 (base 9) to base 12
98
Convert 247 (base 13) to base 4.
12031
Convert -438 (base 12) to base 16.
-26c
12112 (base 4) to base 8
626
Convert -263 (base 15) to base 7.
-1404
1110010111100 (base 2) to base 3
101002110
What is -213045 (base 7) in base 15?
-aebc
What is -17305 (base 9) in base 6?
-131052
What is 729 (base 10) in base 6?
3213
-86778 (base 9) to base 7
-326432
What is -14 (base 7) in base 5?
-21
What is 586 (base 10) in base 4?
21022
What is 5b3 (base 14) in base 6?
5133
311 (base 13) to base 2
1000001001
37686 (base 9) to base 15
77a0
100111010101011 (base 2) to base 13
9222
What is -16316 (base 9) in base 10?
-11193
What is -1332303 (base 4) in base 11?
-6108
388 (base 12) to base 3
201212
Convert 454a (base 15) to base 10.
14695
-78 (base 9) to base 13
-56
What is -1212224 (base 5) in base 3?
-1011021222
What is 1245 (base 9) in base 5?
12212
-12111 (base 3) to base 7
-301
Convert b12 (base 14) to base 3.
2222110
Convert -26055 (base 8) to base 14.
-419b
What is -102110 (base 3) in base 15?
-159
2000 (base 3) to base 15
39
Convert -17720 (base 9) to base 10.
-12249
-543 (base 14) to base 15
-494
What is 27327 (base 9) in base 10?
18493
-6988 (base 10) to base 6
-52204
Convert 236 (base 11) to base 13.
188
What is -828 (base 13) in base 6?
-10230
What is 10000 (base 2) in base 14?
12
Convert -11331 (base 4) to base 14.
-1d3
-15aa (base 11) to base 9
-2734
Convert -6748 (base 10) to base 4.
-1221130
Convert -31323 (base 4) to base 6.
-4043
-405 (base 10) to base 8
-625
Convert 1103223 (base 5) to base 2.
100101011110100
What is 1159a (base 14) in base 16?
a524
-530 (base 12) to base 14
-3c0
35352 (base 6) to base 12
2b58
Convert -16335 (base 9) to base 16.
-2bca
-4122211 (base 5) to base 10
-67181
What is 63a (base 13) in base 7?
3046
Convert 161 (base 16) to base 12.
255
Convert 1424 (base 11) to base 3.
2112012
Convert -45c (base 14) to base 9.
-1162
What is -10011021 (base 3) in base 7?
-6466
Convert 6542 (base 9) to base 5.
123232
Convert 1011000001110 (base 2) to base 10.
5646
1300113 (base 4) to base 13
3372
Convert 1301112 (base 4) to base 5.
213004
Convert -5a8 (base 15) to base 9.
-1675
Convert -11621 (base 8) to base 5.
-130014
Convert 64 (base 9) to base 15.
3d
1b2 (base 15) to base 9
475
What is 1221010020 (base 3) in base 7?
215526
What is 20444 (base 7) in base 12?
2ab2
What is 102012 (base 3) in base 14?
178
What is -7702 (base 8) in base 5?
-112114
63a4 (base 11) to base 4
2010033
What is -46 (base 9) in base 13?
-33
Convert -2392 (base 11) to base 4.
-300312
What is -3c61 (base 13) in base 2?
-10000111111010
-1010100011111 (base 2) to base 8
-12437
Convert -553 (base 16) to base 9.
-1774
What is 2010221201 (base 3) in base 11?
29817
11101100 (base 2) to base 15
10b
1974b (base 12) to base 10
37355
Convert -11882 (base 9) to base 11.
-6024
-12430 (base 9) to base 12
-4a16
Convert -11234 (base 6) to base 2.
-11001000110
Convert 3 (base 15) to base 9.
3
Convert -1532 (base 6) to base 7.
-1133
-44743 (base 8) to base 3
-221221120
b99 (base 12) to base 8
3245
Convert 1073 (base 11) to base 13.
847
What is -311001 (base 7) in base 16?
-cfae
-50db (base 14) to base 7
-55364
2ba2 (base 12) to base 4
1100222
Convert -6966 (base 14) to base 6.
-220450
Convert -5446 (base 10) to base 6.
-41114
Convert -bd7 (base 15) to base 3.
-10200011
Convert 53065 (base 7) to base 8.
31431
Convert -5214 (base 11) to base 5.
-210122
Convert 111111000 (base 2) to base 5.
4004
Convert 15550 (base 6) to base 2.
101000011010
What is 555015 (base 6) in base 16?
b573
3a88a (base 11) to base 4
32032323
Convert -1001111011011 (base 2) to base 4.
-1033123
Convert -216 (base 10) to base 15.
-e6
1aa (base 15) to base 3
112021
Convert 5293 (base 10) to base 3.
21021001
What is -1795 (base 10) in base 6?
-12151
Convert -7563 (base 9) to base 13.
-26c1
Convert -19399 (base 10) to base 11.
-13636
Convert -4244303 (base 5) to base 9.
-118468
Convert 155405 (base 6) to base 7.
63101
1000010 (base 3) to base 11
606
42220 (base 12) to base 13
30612
-238 (base 14) to base 15
-1e7
Convert -6047 (base 9) to base 8.
-10501
132b (base 16) to base 11
3761
Convert -220202221 (base 3) to base 6.
-215341
What is -6178 (base 15) in base 16?
-506c
Convert 837 (base 14) to base 15.
72c
Convert -4230 (base 5) to base 6.
-2341
What is -125154 (base 6) in base 13?
-5320
-4a1 (base 11) to base 7
-1510
Convert -101422 (base 8) to base 16.
-8312
-5c5 (base 15) to base 16
-51e
Convert -517 (base 8) to base 9.
-412
What is -314 (base 15) in base 2?
-1010110110
What is 1040211 (base 5) in base 15?
55c1
Convert -36861 (base 10) to base 14.
-d60d
15965 (base 10) to base 11
10aa4
6237 (base 15) to base 6
240024
What is -469 (base 14) in base 5?
-12002
-221 (base 15) to base 7
-1255
Convert -322 (base 16) to base 10.
-802
Convert 44 (base 15) to base 14.
48
Convert -101110001110100 (base 2) to base 8.
-56164
What is -361 (base 13) in base 2?
-1001001010
What is -3100 (base 7) in base 3?
-1110221
What is -1744 (base 15) in base 3?
-20212201
Convert -1302 (base 4) to base 13.
-8a
a4b1 (base 13)